ate the highest common factor of 33971145 and 530.
265
Calculate the greatest common factor of 7534156 and 388976.
644
What is the greatest common factor of 4068 and 3861504252?
4068
What is the highest common divisor of 780 and 13789490?
130
Calculate the highest common factor of 24066150 and 6150.
150
Calculate the greatest common factor of 6989868 and 7596.
36
Calculate the greatest common factor of 102165 and 885.
15
Calculate the greatest common factor of 15231156 and 48.
12
What is the greatest common factor of 7928873946 and 3717?
3717
What is the greatest common divisor of 574 and 36255972?
82
What is the highest common divisor of 268 and 2786731?
67
Calculate the highest common factor of 1192637922 and 8442.
2814
What is the highest common divisor of 8306 and 432?
2
Calculate the greatest common divisor of 38582120 and 9916.
148
What is the highest common factor of 504626 and 12?
2
What is the greatest common divisor of 32190 and 99480?
30
Calculate the greatest common divisor of 1044702 and 57150.
2286
Calculate the highest common factor of 1002312 and 19368.
72
What is the greatest common factor of 4403 and 484568?
119
What is the greatest common divisor of 235795 and 54040?
35
Calculate the highest common divisor of 34904649 and 39.
39
What is the highest common factor of 43866154 and 136?
34
Calculate the highest common factor of 129687 and 29190.
417
What is the greatest common factor of 7184020 and 615?
205
What is the greatest common divisor of 472835 and 15?
5
What is the greatest common divisor of 880730253 and 35295?
7059
Calculate the highest common factor of 785701 and 8239.
749
Calculate the highest common factor of 58330727 and 637.
637
What is the highest common divisor of 11269 and 1626512?
59
Calculate the greatest common factor of 1169363 and 6208670.
3809
Calculate the greatest common factor of 571535 and 3243745.
3785
What is the highest common factor of 144441941 and 237?
79
Calculate the highest common factor of 3965 and 8027905.
305
Calculate the highest common divisor of 2872 and 67277677.
359
Calculate the highest common factor of 47511510 and 8793.
2931
Calculate the highest common divisor of 243627218 and 307.
307
What is the highest common divisor of 74 and 49672?
2
What is the greatest common divisor of 49412 and 23892?
44
What is the greatest common factor of 23 and 14745645?
23
What is the highest common factor of 7979286 and 84?
42
What is the highest common factor of 1224153 and 95123?
889
Calculate the highest common divisor of 224390 and 80.
10
Calculate the highest common factor of 113380 and 495.
5
What is the greatest common divisor of 887655 and 9197?
17
Calculate the highest common divisor of 22307805 and 97451.
4237
What is the greatest common factor of 2358831 and 31407?
1653
What is the highest common divisor of 152 and 752761?
19
What is the highest common divisor of 418022 and 1199?
11
What is the greatest common factor of 2774 and 597854?
38
Calculate the highest common divisor of 14455007 and 10549.
959
What is the highest common divisor of 550 and 41253850?
550
What is the greatest common factor of 2870 and 2676730?
70
What is the highest common factor of 1361286 and 26?
2
Calculate the highest common factor of 984 and 3721857.
123
Calculate the highest common divisor of 58856819 and 7.
7
What is the highest common divisor of 109640254 and 1685?
337
What is the greatest common factor of 15710576 and 7840?
784
Calculate the highest common factor of 11152965 and 4350.
435
Calculate the highest common divisor of 5236110 and 363178.
3526
What is the highest common factor of 1199264 and 17512?
88
What is the greatest common factor of 23898270 and 33?
33
What is the highest common divisor of 40 and 9217555?
5
Calculate the highest common divisor of 42 and 135919161.
21
Calculate the highest common divisor of 43369 and 2604.
31
What is the greatest common divisor of 15892 and 640439654?
7946
What is the highest common factor of 98 and 915821074?
98
Calculate the greatest common divisor of 567 and 1043378.
7
What is the greatest common divisor of 69 and 501582183?
69
Calculate the greatest common factor of 229956 and 2034.
6
Calculate the greatest common divisor of 11197985 and 2115.
235
Calculate the greatest common factor of 146803657 and 539.
539
What is the greatest common factor of 12 and 717661932?
12
Calculate the greatest common factor of 168 and 1658019048.
168
What is the highest common divisor of 76614 and 133453?
113
Calculate the highest common factor of 92789616 and 24.
24
What is the highest common factor of 340 and 46852000?
340
Calculate the highest common factor of 8356240 and 53600.
5360
Calculate the greatest common factor of 73 and 1609427861.
73
What is the greatest common divisor of 1835040 and 720?
240
What is the greatest common factor of 88513950 and 2100?
1050
What is the highest common divisor of 68784 and 9247149?
4299
Calculate the greatest common factor of 227316985 and 14.
7
What is the highest common factor of 390739869 and 2886?
1443
What is the highest common divisor of 150512 and 6256?
368
Calculate the greatest common factor of 88725 and 504.
21
Calculate the highest common factor of 77 and 2585858.
11
Calculate the greatest common divisor of 4077 and 6828069.
453
What is the highest common factor of 699930 and 6157263?
2121
Calculate the highest common divisor of 11 and 160440005.
11
What is the greatest common divisor of 1404 and 1714329?
9
Calculate the greatest common factor of 1819449 and 86153.
853
What is the greatest common factor of 480436 and 611952?
2684
What is the highest common divisor of 1185384 and 1824?
24
Calculate the greatest common factor of 4571554 and 156.
26
What is the highest common factor of 259210224 and 2718?
2718
Calculate the greatest common factor of 31 and 34659953.
31
What is the greatest common divisor of 4140 and 68557320?
180
Calculate the greatest common factor of 96642 and 65907543.
2301
What is the highest common divisor of 528 and 6133212?
12
What is the greatest common divisor of 10962 and 939022?
14
Calculate the greatest common factor of 4159152 and 37944.
1224
What is the greatest common divisor of 6468677 and 93?
31
Calculate the highest common factor of 81577536 and 123.
123
What is the highest common divisor of 3504 and 843648?
48
What is the greatest common factor of 50943 and 1032?
3
Calculate the highest common factor of 871642 and 8.
2
Calculate the highest common factor of 25380 and 10172520.
540
Calculate the greatest common factor of 797624405 and 5870.
2935
Calculate the highest common divisor of 6501 and 31251.
33
What is the highest common divisor of 9568 and 31418?
46
What is the highest common divisor of 15766246 and 32486?
878
What is the greatest common divisor of 360 and 99490?
10
Calculate the highest common divisor of 97909 and 81361.
1379
What is the highest common factor of 118917 and 3077181?
1629
What is the highest common divisor of 190730 and 1660?
10
What is the greatest common divisor of 254 and 982903165?
127
Calculate the greatest common divisor of 120386774 and 18355.
3671
What is the highest common divisor of 3030 and 3334010?
1010
What is the highest common factor of 188 and 6993745324?
188
Calculate the greatest common divisor of 24 and 1908832.
8
Calculate the greatest common divisor of 139 and 446156779.
139
Calculate the highest common factor of 11270 and 50890.
70
Calculate the highest common factor of 538448 and 482667.
461
Calculate the highest common factor of 102593136 and 96.
48
What is the highest common divisor of 20116 and 3708300?
188
Calculate the greatest common factor of 481 and 7280.
13
Calculate the highest common factor of 1880 and 4453955.
235
What is the highest common divisor of 920672 and 5488?
16
Calculate the greatest common divisor of 3300824 and 4.
4
What is the highest common factor of 23 and 62941271?
23
What is the greatest common divisor of 371160 and 536040?
360
What is the greatest common divisor of 19959 and 6675?
3
What is the highest common factor of 161772 and 23970?
102
Calculate the highest common divisor of 18396 and 444528.
252
Calculate the highest common factor of 7 and 55864293.
1
What is the highest common divisor of 4041143 and 162